{"id":216,"date":"2015-11-25T16:09:01","date_gmt":"2015-11-25T16:09:01","guid":{"rendered":"http:\/\/www.autopintura.com.br\/site\/?page_id=216"},"modified":"2016-05-26T18:10:09","modified_gmt":"2016-05-26T18:10:09","slug":"tecnologia-e-meio-ambiente","status":"publish","type":"page","link":"https:\/\/www.autopintura.com.br\/site\/tecnologia-e-meio-ambiente\/","title":{"rendered":"Tecnologia e Meio-ambiente"},"content":{"rendered":"<p><a href=\"https:\/\/www.autopintura.com.br\/site\/wp-content\/uploads\/2015\/12\/sustentabilidade.jpg\"><img loading=\"lazy\" decoding=\"async\" class=\" wp-image-252 aligncenter\" src=\"https:\/\/www.autopintura.com.br\/site\/wp-content\/uploads\/2015\/12\/sustentabilidade-300x112.jpg\" alt=\"sustentabilidade\" width=\"723\" height=\"270\" srcset=\"https:\/\/www.autopintura.com.br\/site\/wp-content\/uploads\/2015\/12\/sustentabilidade-300x112.jpg 300w, https:\/\/www.autopintura.com.br\/site\/wp-content\/uploads\/2015\/12\/sustentabilidade.jpg 683w\" sizes=\"auto, (max-width: 723px) 100vw, 723px\" \/><\/a><\/p>\n<p>Nossa empresa faz uso de moderna <strong>Tecnologia<\/strong>, o que denota\u00a0nosso compromisso com clientes e com o meio-ambiente.<\/p>\n<p>Ilumina\u00e7\u00e3o de Led e compressor rotativo (Parafuso) que reduz em aproximadamente 35% o consumo de energia el\u00e9trica, melhora a qualidade do ar na pintura de V<strong>e\u00edculos<\/strong>, \u00a0s\u00e3o alguns exemplos,<\/p>\n<p>Restaura\u00e7\u00e3o de\u00a0\u00a0far\u00f3is e <a href=\"https:\/\/www.youtube.com\/watch?v=A-1UYUEMOG4\">para-choques<\/a>, \u00a0possibilitando economia no processo produtivo e diminuindo descarte de res\u00edduos.<\/p>\n<p>Utiliza\u00e7\u00e3o de Toda\u00a0linha Envirobase \u00a0(PPG) que al\u00e9m de ser base \u00e1gua ao inv\u00e9s de solvente reduz o tempo de secagem e n\u00e3o necessita de aquecimento da cabine, sem cheiro e com menos poluentes, O planeta agradece.<\/p>\n<p>Al\u00e9m disso cumprimos todos os requisitos de Secretaria do Meio ambiente, somos uma das poucas empresas no Rio de Janeiro nesse ramo a possuir certificado de autoriza\u00e7\u00e3o deste org\u00e3o, armazenamento, capta\u00e7\u00e3o, coleta e <strong>Reciclagem<\/strong> de res\u00edduos L\u00edquidos e s\u00f3lidos fazem parte de nosso\u00a0dia a dia.<\/p>\n<p style=\"text-align: center;\"><a href=\"https:\/\/www.autopintura.com.br\/site\/wp-content\/uploads\/2015\/11\/loja-Abelaria-32.jpg\"><img loading=\"lazy\" decoding=\"async\" class=\"alignnone size-medium wp-image-227\" src=\"https:\/\/www.autopintura.com.br\/site\/wp-content\/uploads\/2015\/11\/loja-Abelaria-32-300x200.jpg\" alt=\"loja Abelaria (32)\" width=\"300\" height=\"200\" srcset=\"https:\/\/www.autopintura.com.br\/site\/wp-content\/uploads\/2015\/11\/loja-Abelaria-32-300x200.jpg 300w, https:\/\/www.autopintura.com.br\/site\/wp-content\/uploads\/2015\/11\/loja-Abelaria-32-1024x683.jpg 1024w\" sizes=\"auto, (max-width: 300px) 100vw, 300px\" \/><\/a><\/p>\n","protected":false},"excerpt":{"rendered":"<p>Nossa empresa faz uso de moderna Tecnologia, o que denota\u00a0nosso compromisso com clientes e com o meio-ambiente. Ilumina\u00e7\u00e3o de Led e compressor rotativo (Parafuso) que reduz em aproximadamente 35% o consumo de energia el\u00e9trica, melhora a qualidade do ar na pintura de Ve\u00edculos, \u00a0s\u00e3o alguns exemplos, Restaura\u00e7\u00e3o de\u00a0\u00a0far\u00f3is e para-choques, \u00a0possibilitando economia no processo produtivo [&hellip;]<\/p>\n","protected":false},"author":1,"featured_media":0,"parent":0,"menu_order":0,"comment_status":"closed","ping_status":"open","template":"","meta":{"footnotes":""},"class_list":["post-216","page","type-page","status-publish","hentry"],"_links":{"self":[{"href":"https:\/\/www.autopintura.com.br\/site\/wp-json\/wp\/v2\/pages\/216","targetHints":{"allow":["GET"]}}],"collection":[{"href":"https:\/\/www.autopintura.com.br\/site\/wp-json\/wp\/v2\/pages"}],"about":[{"href":"https:\/\/www.autopintura.com.br\/site\/wp-json\/wp\/v2\/types\/page"}],"author":[{"embeddable":true,"href":"https:\/\/www.autopintura.com.br\/site\/wp-json\/wp\/v2\/users\/1"}],"replies":[{"embeddable":true,"href":"https:\/\/www.autopintura.com.br\/site\/wp-json\/wp\/v2\/comments?post=216"}],"version-history":[{"count":9,"href":"https:\/\/www.autopintura.com.br\/site\/wp-json\/wp\/v2\/pages\/216\/revisions"}],"predecessor-version":[{"id":291,"href":"https:\/\/www.autopintura.com.br\/site\/wp-json\/wp\/v2\/pages\/216\/revisions\/291"}],"wp:attachment":[{"href":"https:\/\/www.autopintura.com.br\/site\/wp-json\/wp\/v2\/media?parent=216"}],"curies":[{"name":"wp","href":"https:\/\/api.w.org\/{rel}","templated":true}]}}